5*r. Let p(w) = -w**2 + 8*w + 3. What are the prime factors of p(r)?
3, 5
Let q(p) = -2*p + 7. Let r be (-2)/(-1) + -12 + 6. List the prime factors of q(r).
3, 5
Suppose 2*v - 3 - 9 = 0. Suppose 2*p + 2*h = -h + 532, -4*h - 504 = -2*p. Suppose u = v*u - p. What are the prime factors of u?
2, 13
Let p be (-2154)/9*15/(-10). Suppose -4*y = -309 - p. List the prime factors of y.
167
Suppose 4*s + a - 31 = -10, a - 9 = -s. Suppose -3*l + 247 = s*x, 2*x + 0*l = 4*l + 96. What are the prime factors of x?
2, 29
What are the prime factors of (342/(-152))/((-3)/3848)?
2, 3, 13, 37
Suppose 0 = p - 2 - 22. Let z = 45 - 46. List the prime factors of p/(-12) - (z + -23).
2, 11
Suppose 0 = -a - 4*w + 1, -2*w - 4 = -2*a + 8. Suppose 516 = -f + a*f. Suppose z + 2*d - 62 = 0, 2*z - 3*d + 8*d - f = 0. List the prime factors of z.
2, 13
Suppose -2*d = 2*o - 0*d - 908, -3*d = -o + 434. What are the prime factors of o?
449
Let j be 2/(-9) + 8*(-3)/(-108). Suppose -3*m + 2*n - 309 = -997, j = m - 5*n - 212. What are the prime factors of m?
2, 29
Suppose 0 = -4*d - 4*x + 456, 0 = 2*x + 15 - 5. Suppose -2*i = 4*k - 432, 103 + d = i - k. List the prime factors of i.
2, 5, 11
Let j(t) = -2*t**3 - t**2 + t - 2. Let m = -20 - -22. Suppose 0 = -m*c - 2*b - 12, c + 0*b + 5*b = -22. What are the prime factors of j(c)?
2
Suppose 171*i - 170*i - 351 = 0. What are the prime factors of i?
3, 13
Let v(u) = -u**2 + 10*u - 1. Let o be v(10). What are the prime factors of o/(-8) + 6155/40 + -6?
2, 37
Suppose -s = -5*s + 4*w + 7020, 0 = 3*s + 2*w - 5260. What are the prime factors of s?
2, 877
Suppose -3*h - 4*k = 148, -2*h - 97 = -5*k + 40. Let d = h + 85. List the prime factors of d.
29
Let c(i) = i**3 + 2*i**2 - 2*i. Let t be c(-3). Let g = t + 2. List the prime factors of g/(-1*2/38).
19
Let t be (9/15)/(3/15). Suppose -t*l - 15 = -5*q + 3*q, 5*l + 13 = 2*q. Suppose 3*n = 120 + q. What are the prime factors of n?
43
Let j(g) = 6*g**2 + 11. What are the prime factors of j(6)?
227
Let j be 2*2*1/(-4). Let s be 5*j*8/(-20). Let c(h) = 19*h - 3. What are the prime factors of c(s)?
5, 7
Suppose -1 + 16 = 3*z. Suppose 3*a = a + c - 5, c = -4*a + z. What are the prime factors of 9 - (a/1)/(-3)?
3
Let g(u) be the second derivative of 2*u**4/3 + u**3/3 + 3*u**2/2 - 26*u. What are the prime factors of g(-3)?
3, 23
Let j(s) be the second derivative of 69*s**5/4 + s. List the prime factors of j(1).
3, 5, 23
Suppose 0 = t + 3*x - 108, 0 = -x + 2*x. Suppose 0 = a - 5*a + t. What are the prime factors of a?
3
Suppose -3*x - 348 = -7074. List the prime factors of x.
2, 19, 59
Suppose 4*m - 3*j - 7994 - 2005 = 0, -2*j + 6 = 0. What are the prime factors of m?
2, 3, 139
Suppose -3*y + 5*l + 6 = 3*l, 5*y = 3*l + 10. Let h(i) = -2*i**2 - 1 - 7*i**3 + 14*i**3 - y*i - 49*i**3. List the prime factors of h(-1).
41
Let o(h) = 346*h + 1. Let m be o(1). Suppose -4*w = -m + 91. What are the prime factors of w?
2
Let q = 1201 + -552. What are the prime factors of q?
11, 59
Let j(v) = v**2 - 10*v - 17. Let h be j(12). Suppose h*o - 783 = -265. What are the prime factors of o?
2, 37
Let o(x) = 5*x**2 - 7*x + 16. List the prime factors of o(-11).
2, 349
Suppose 2*l + c - 2831 = 0, -4*c + 1927 + 889 = 2*l. What are the prime factors of l?
2, 709
Suppose -4*z - 920 = -2*b, 4*b + 0*b = -z + 1795. Suppose 0*k + 5*u + b = 2*k, 4*k - 922 = -u. List the prime factors of k.
2, 5, 23
Let a(o) = 51*o - 24. Suppose 2*u - 202 = -194. List the prime factors of a(u).
2, 3, 5
Let d be -472*(15/6)/(-5). Let a = d + 73. List the prime factors of a.
3, 103
Let b = -428 - -722. What are the prime factors of b?
2, 3, 7
Let y(g) = g - 12. Let i be y(15). Suppose 0 = 2*x + 4*o - 50, i*o = -x + 2*o + 28. List the prime factors of x.
31
Suppose 4*v - z = 642, -5*z + 67 = v - 104. Let g = -114 + v. What are the prime factors of g?
47
Let l(y) = 6*y - 7. Let h be l(5). Suppose -310*a = -313*a + 96. Let o = a - h. List the prime factors of o.
3
Let c = -2 - -2. Let n = 305 - 297. Suppose 2*q - q - n = c. List the prime factors of q.
2
Suppose j - 5*h = -3*h + 286, -4*j + 1132 = 4*h. List the prime factors of j.
2, 71
Suppose 0 = 3*w + 2*i, 2*i = -5*w - i. Suppose -3*k - 4*y + 77 + 67 = w, 4*k = 4*y + 164. What are the prime factors of k?
2, 11
Suppose -3*b + 11 = -4*b. Let l = -15 - b. What are the prime factors of 5/(0 + l/(-12))?
3, 5
Suppose 164*s = 159*s + 10. Suppose -9*t + 1015 = -s*t. List the prime factors of t.
5, 29
Suppose 11*r - 15*r + 384 = 0. List the prime factors of r.
2, 3
Let d = 13 - 8. Suppose 0 = -2*f + f + c - 1, f = d*c - 17. Suppose 50 = f*g - g. List the prime factors of g.
5
Suppose 45 = 4*q + q. Let h be q*(-2)/(-6) - -172. Suppose -h = -2*c - 3*c. List the prime factors of c.
5, 7
Let w be 3 + -3 + (-18)/(-2). Let g(z) = z**2 - 9*z + 18. Let c be g(w). List the prime factors of 1/(4/12) + c.
3, 7
Let o = 3762 - 343. List the prime factors of o.
13, 263
Suppose 6*d + 2 = -10. List the prime factors of d/(-6) - (-5038)/33.
3, 17
Let h(u) = 4*u + 2. Let t be (-1)/4 + (-63)/(-28). Let i be (1*t)/(-9 - -10). What are the prime factors of h(i)?
2, 5
Let s(x) be the first derivative of x**4/4 + 7*x**3/3 - 3*x**2/2 - 7*x + 3. Let t = -8 + 1. What are the prime factors of s(t)?
2, 7
Suppose 3 + 187 = 5*g. Suppose 0*j + g = j. List the prime factors of j.
2, 19
Suppose -2*l - 6078 = -3*x - 437, -4*x - 2*l + 7526 = 0. List the prime factors of x.
3, 11, 19
Suppose 0 = -26*v + 598 + 10296. List the prime factors of v.
419
Let l(q) = 358*q**3 + q**2 + 13*q - 13. What are the prime factors of l(1)?
359
Let s(i) = i**2 - i - 4. Let d = 10 - 10. Let u be s(d). Let j = 3 - u. What are the prime factors of j?
7
Let n = 907 - -113. List the prime factors of n.
2, 3, 5, 17
Let u(b) = -1 - 5*b + 6*b - 5. Let p be u(-6). What are the prime factors of (69/p)/((-1)/8)?
2, 23
Let d be (8/6)/((-6)/1116). Let b = -148 - d. What are the prime factors of b?
2, 5
What are the prime factors of 314 + -10 + (-1 - (-1 + 1))?
3, 101
Let f be 32/(-20) + -2*3/(-10). Let n(h) = -205*h**3 - 2*h**2 - h. List the prime factors of n(f).
2, 3, 17
Suppose -4*j + 0 - 8 = 0. What are the prime factors of (j + -3)*(-15 + 3)?
2, 3, 5
What are the prime factors of 16/12*(250887/28)/13?
919
Let t = 1019 + -465. List the prime factors of t.
2, 277
Let v(x) = -2 + 9*x**2 - 7*x + 4*x**3 - x**3 - 2*x**3. What are the prime factors of v(-9)?
61
Let s = -77 + 40. Let t = s - -143. List the prime factors of t.
2, 53
Let p(c) = -2*c + 8. Let n(h) = 1. Let f(a) = 6*n(a) - p(a). What are the prime factors of f(5)?
2
Suppose 3 = z + 1. Suppose -2*p + 110 = 5*w, -w + z*w = 0. What are the prime factors of p?
5, 11
Suppose 4*m - 205 = -197. Suppose -m - 23 = -z. List the prime factors of z.
5
List the prime factors of (-87 + 8)/(60/21 - 3).
7, 79
Let x(y) = -3*y + 61. Let m be ((-7)/((-7)/26))/(-1). List the prime factors of x(m).
139
Suppose 0*w + 20 = -5*q + w, -2*w = 0. Let d(h) = -2*h**3 - 8*h**2 - 11*h - 6. What are the prime factors of d(q)?
2, 19
Let b(t) = -22*t + 2 + 16*t + 0. What are the prime factors of b(-3)?
2, 5
Suppose 2*i = -5*b - i - 45, 4*b + 2*i = -34. Let d(w) = -w**2 - 4*w + 24. List the prime factors of d(b).
2, 3
Let g = 209 + -124. Suppose -3*i - 2*i + g = 0. Let y = 61 - i. List the prime factors of y.
2, 11
Let j = 933 - -1224. What are the prime factors of j?
3, 719
Let g(h) = 1016*h**3 + 2*h**2 - 2*h - 1. List the prime factors of g(1).
5, 7, 29
Suppose 0 = -3*f + 4*f - z - 70, 3*f - 5*z = 214. List the prime factors of f.
2, 17
What are the prime factors of ((-3496)/12)/(2/(-3))?
19, 23
Suppose -16 = 5*l - 146. Suppose 0 = r + 3*b - l, -4*r + 4*b + 32 + 8 = 0. Suppose -27 = -4*n + 3*z, 4*n - 2*z - r = 2*n. List the prime factors of n.
2, 3
Suppose -15 = p + 239. Let v = -175 - p. What are the prime factors of v?
79
Let r = 609 - -314. What are the prime factors of r?
13, 71
Let z(u) = -3*u**3 - 20*u**2 - 109*u + 2. What are the prime factors of z(-8)?
2, 5, 113
Let a(l) = -l**2 + 4*l + 1. Let h be a(3). Suppose -h*g + 559 = 3*x, -556 = -3*x + 4*g - 5*g. List the prime factors of x.
5, 37
Let l = 31 - 21. Let m be ((-5)/l)/((-2)/12). Let p = 9 - m. What are the prime factors of p?
2, 3
Suppose 3*y = 4*s + 12, 9 = -y - 0*s - 3*s. Suppose 